 Suppose 4*o + b + 25 = 0, -4*o + 0*o = -5*b - 5. Give a(o).
-50
Let a(q) = 3*q - 8. Suppose 3*i + 0*i - 36 = 0. Let c be (-6)/(-4)*(i + -10). Let b(y) = y**3 - 2*y**2 - 3. Let o be b(c). Calculate a(o).
10
Suppose 63 - 64 = w. Let c(u) = 26*u**3 - u**2. Determine c(w).
-27
Suppose 6*j - j - 275 = 0. Let w = j + -55. Let t(p) = 2*p - p + 9 + 0*p. What is t(w)?
9
Suppose i = -5*m - 4 - 6, 2*m + 4 = 4*i. Let d(v) = -v**2 + 6. Let j(x) = -3*x**2 + 18. Let z(p) = -11*d(p) + 4*j(p). Give z(i).
6
Suppose -3*r + 50 = 2*r. Let d(z) = -z**2 + 9*z + 12. Calculate d(r).
2
Let o(y) = 5*y + 3. Let w(q) = -q + 1. Suppose 0 = 4*g + 2 - 6. Let b(k) = g*w(k) + o(k). Calculate b(-5).
-16
Suppose 52 = -2*b - n, 2*n = 3*b + n + 88. Let r = b - -32. Let k(l) = 5*l - 3. Determine k(r).
17
Suppose -5*i = 5*d + 20, 4*d = -18 + 2. Let w(n) = -n**2 + n + 1. Let j(q) = -q**2 + 2*q. Let y(g) = -j(g) + 2*w(g). Determine y(i).
2
Let j(t) = t + 15. Let m be j(-6). Let v(u) = m*u + 1 - 2 - 16*u. Determine v(-2).
13
Suppose -5*y + 14 - 4 = 0. Let d(f) be the third derivative of f**6/120 + f**5/30 - f**4/6 + f**3/2 - 11*f**2. Determine d(y).
11
Suppose -5*g = 4*s - 15, -6*s - 3*g = -s - 9. Let k be (12/10)/(8/40). Let l(v) = -k - 15 + 25 - v - 15. Determine l(s).
-11
Let n be 2/(-5) - 18/(-36). Let i(x) be the third derivative of -4*x**2 - 1/120*x**6 + 0 - x**3 - n*x**5 + 0*x + 5/24*x**4. Calculate i(-7).
8
Let n(m) = -18*m - 11. Let b(u) = -9*u - 7. Let j(x) = 5*b(x) - 3*n(x). What is j(-1)?
-11
Let w = -2 + 6. Let q(y) = -y**2 - 13*y - 2. Let m be q(-11). Let f(z) = -m*z + 11*z + 7*z + 2. Give f(w).
-6
Let x(p) = 2*p**2 + 9*p - 3. Let d(b) be the first derivative of -b**3/3 - 4*b**2 + 4*b - 6. Let w(q) = -3*d(q) - 2*x(q). What is w(4)?
2
Let a(h) = -3*h**2 - h + 35. Let l(c) = -12 - c**2 + 0 + 2*c**2. Let p(f) = 16*f**2 + 1. Let q be p(-1). Let y(g) = q*l(g) + 6*a(g). Give y(-6).
6
Suppose -10*h + 14*h = 8. Suppose h*r + 42 = 9*r. Let i(x) = x**3 - 7*x**2 + 8*x + 5. Determine i(r).
17
Let w(d) = 3*d + 70. Let y(b) = -b**3 - 19*b**2 + 17*b - 86. Let g be y(-20). What is w(g)?
-8
Let q(b) = 13*b**2 - b. Suppose n = 7*n + 48. Let j be (2*(-2)/8)/(4/n). Determine q(j).
12
Suppose 260 = 94*j - 114*j. Let q(x) = -x**2 - 15*x - 5. Calculate q(j).
21
Suppose 4*z - 6*z - 18 = 0. Let o = 15 + -12. Let l(n) = -2 + 0*n**2 + n**2 - 25*n - o + 33*n. Determine l(z).
4
Suppose -3*b + 2 - 3 = -v, -2*v - 5*b - 31 = 0. Let i be 9/36 + (-30)/v. Let p(h) = 5 - h - 1 + 5. What is p(i)?
5
Let n(k) be the second derivative of 1/6*k**3 + 0 - 5*k**2 - 18*k. Give n(10).
0
Let o(h) be the first derivative of 1/2*h**2 - 28 - 9*h. What is o(-7)?
-16
Let d(b) be the second derivative of -b**5/30 + b**4/8 + 2*b**3 + 11*b. Let z(t) be the second derivative of d(t). Give z(2).
-5
Let i be (-48)/18*(-3 + 0). Let b be ((3 - i)/(-1))/(-1). Let v(g) = g + 4. Calculate v(b).
-1
Let a = -259 + 261. Let z(s) = -3*s**3 + 2*s**2 + 1. Give z(a).
-15
Let k(i) be the second derivative of -i**5/40 + 5*i**4/24 - 11*i**3/6 - 3*i. Let z(u) be the second derivative of k(u). Determine z(4).
-7
Let z(j) = 40 - 8*j - 22 - 20. Calculate z(-2).
14
Let d(w) = -13 + w**2 + 19*w + 1 - 27*w. What is d(9)?
-3
Let h(g) = 2*g**3 - 3*g**2 - 7*g - 1. Suppose -2*z - 1 = -v, -3*v + 8 = z - 2*z. Let b be h(v). Let x(f) = f - 6. Calculate x(b).
-1
Let m(q) = -28*q**2 + q - 12. Let v(n) = -23*n**2 + 2*n - 12. Let z(f) = 5*m(f) - 6*v(f). Determine z(-7).
-37
Let p(a) = -5 + 1 + a + 11. Let v = -45 - -45. Give p(v).
7
Let c = 15 + -14. Let m(r) = -15*r**2 - r + 3. Let u be -3 + (-3)/6*-16. Let l(z) = 7*z**2 - 1. Let a(h) = u*l(h) + 2*m(h). Give a(c).
4
Let l(a) = 79*a - 68. Let u be l(1). Let r(h) = -h**3 + 10*h**2 + 11*h. Determine r(u).
0
Let f = -253 + 266. Let d(l) = 3*l - 31. Give d(f).
8
Let j(l) = l**2 + 13*l - 5. Let w = 418 + -432. Calculate j(w).
9
Let a(f) = -1018 + 2044 + 6*f - f**2 - 1026. Let z be 2/(-1) - (-7 - 1). Give a(z).
0
Let m(b) be the second derivative of -b**5/20 - 7*b**4/4 - 7*b**3/2 - 9*b**2 + 413*b. Determine m(-20).
2
Let l(s) = 326029 + 3*s**2 - 4*s**2 - 326038 - 19*s. Determine l(-17).
25
Suppose b - 6*s + 5*s = 0, s = -5*b - 30. Let w = b - -7. Let h(d) = 2*d + d - w*d - 5*d. Determine h(1).
-4
Let u(c) be the first derivative of -5*c**2 - 24*c + 544. Give u(-3).
6
Let t(s) be the first derivative of -12 + 13*s - 1/2*s**2. What is t(6)?
7
Suppose 4*o - 5 = 3*o. Suppose 3*u - o = -p, -5*p = 2*u - 4 - 8. Let y(s) = -4*s + p*s - 2 + s. Give y(-4).
2
Let r(v) = 35*v**2 + 7*v + 11. Let g(o) = 192*o**2 + 35*o + 55. Let q(s) = 2*g(s) - 11*r(s). Calculate q(-5).
-1
Let s(q) = -3*q**3 - 18 + 17 - 23*q + 25*q. Let t be (-2)/(-11) + 99/121. Give s(t).
-2
Let p(b) = 3*b - 42. Let h(s) = s - 15. Let x(g) = 8*h(g) - 3*p(g). What is x(2)?
4
Let s(z) = -2*z - 1. Let f(h) = h**2 - 22*h + 18. Let u be f(21). Let l be -2 + -1 - u/3. Determine s(l).
3
Let p(d) = -8*d + 8*d**2 - 16*d**3 + 9*d**3 + 3*d**3 + 1 + 5*d**3 - 2. What is p(-9)?
-10
Let s(r) be the first derivative of 7*r**2/2 - 3*r - 22. Calculate s(2).
11
Let a(b) = -4763*b + 2375*b + 2386*b. Suppose 2*c - 4 = -0*c. Give a(c).
-4
Let f(y) = -y + 7. Let k = -10 - -11. Suppose -k - 4 = -c. Give f(c).
2
Let l(c) = 7*c**3 + 35*c**2 + 7*c - 4. Let v(j) = -6*j**3 - 28*j**2 - 6*j + 4. Let k(p) = 5*l(p) + 6*v(p). Give k(7).
-3
Let t(y) = -y - 1. Suppose -8*z = o - 7*z + 1, 0 = -4*o - 5*z - 1. What is t(o)?
3
Suppose g + 2 = 0, -6*l - 5*g + 614 = -7*l. Let b be 3/(-7) + l/(-182). Let x(f) be the second derivative of -f**3/6 - 2*f**2 + f. Determine x(b).
-7
Suppose -2*v + 10*a = 14*a + 16, -2*v = -3*a + 9. Let f(b) = b + 2. What is f(v)?
-4
Let h be (-37)/(-15)*3 - (-4)/(-10). Let j(m) = -m**3 + 7*m**2 - m + 8. Calculate j(h).
1
Suppose 5*l - 8 - 12 = 0. Let u(b) = -14*b - 1. Let j(d) = -16*d - 1. Let a(r) = -6*j(r) + 7*u(r). Determine a(l).
-9
Let u(i) be the third derivative of -i**4/24 - 2*i**3/3 - 59*i**2 - 2*i. Determine u(-5).
1
Let b(t) = -10*t - 3. Let g(v) = -7*v - 2. Let l(r) = -5*b(r) + 7*g(r). What is l(5)?
6
Let a(r) be the third derivative of 0 - 1/2*r**3 + 17*r**2 - 7/24*r**4 - 2/15*r**5 + 0*r - 1/120*r**6. What is a(-7)?
-3
Let a(l) be the second derivative of 0 - l**2 + 1/6*l**3 + 22*l. Give a(-7).
-9
Let b(t) = -t**3 - 4*t**2 - 3*t + 3. Let n(i) = -i**3 - 5*i**2 + 2*i. Let f be n(-6). Suppose 14*r = 6*r - f. Give b(r).
3
Let u(k) = -7*k**3 - 5*k**2 + 5*k + 1. Suppose 3*a + 9 = 27. Let n(g) = -20*g**3 - 15*g**2 + 15*g + 3. Let q(o) = a*n(o) - 17*u(o). What is q(-6)?
7
Let o(q) = -q**3 + q**2 - q + 22. Suppose 48*p = -38*p. What is o(p)?
22
Let z(u) = 3*u - 3. Let y(j) = 4*j - 2. Let i be y(5). Suppose 4*h = 2*l - i, 3*h + 2 = -2*l - 1. Let d(q) = q - 1. Let v(n) = h*z(n) + 8*d(n). Give v(5).
-4
Suppose 4*p = -z - 28, 0*z + 35 = -5*p - 3*z. Let m(d) = -d. What is m(p)?
7
Let m(b) = -2*b**2 + 5*b + 6. Let y be m(5). Let h = -16 - y. Let p(o) = h*o**3 - 3 - 2*o**2 - 4*o + 3*o**2 - 2*o**3. What is p(-2)?
1
Let n(a) = -4*a**2 - 7*a + 10. Let h(o) = 7*o**2 + 14*o - 15. Let k(p) = -3*h(p) - 5*n(p). Let c be 3*-1 - 2 - 1. Determine k(c).
1
Let f(j) be the third derivative of 0*j + 0 + 1/24*j**4 - 4*j**2 - 2/3*j**3. What is f(3)?
-1
Let v be (5/2)/((-2)/(-4)). Let o be v + -2 + 1 + -1. Let j(m) = -2*m + 4*m**2 - 210 - 3*m**2 + 414 - 206. Determine j(o).
1
Let f(x) be the first derivative of x**5/120 - x**4/6 - 11*x**3/3 + 14. Let g(l) be the third derivative of f(l). Calculate g(4).
0
Let c(q) be the third derivative of q**7/840 - 7*q**6/360 + q**5/20 - 19*q**3/6 + 23*q**2. Let z(x) be the first derivative of c(x). What is z(6)?
0
Let d(m) = -8*m + 6. Let r(z) = -3*z + 2. Let t(j) = 6*d(j) - 17*r(j). Suppose -2*u - 2 = 4. Give t(u).
-7
Let b(m) = -11*m + 3*m + 5*m**2 + 7*m - 2 + 5*m - 2*m. Determine b(-2).
14
Suppose 0 = -5*t + 3*m + 18, -5*t + 2*m = -0*t - 17. Suppose f + t*f = 0. Let s(k) = -1 - k + f*k + 5 + 7. Give s(0).
11
Suppose 0 = o - 5*o + 12. Suppose -o = -3*t + 6, -5*t = 4*i - 7. Let g(u) = -3*u + 13. Let z(a) = 8*a - 37. Let h(v) = 17*g(v) + 6*z(v). Give h(i).
5
Let j(o) be the second derivative of 0 - 22*o + 1/6*o**3 - 3/2*o**2. Determine j(9).
6
Let z(n) = -8*n - 2. Let d(r) = r**2 + 16*r + 11. Let t be d(-16). Let l(x) = -23*x - 6. Let q(j) = t*z(j) - 4*l(